alse
Does 5 divide 620?
True
Does 20 divide 359?
False
Is 14 a factor of 1456?
True
Does 19 divide 1444?
True
Does 45 divide 1776?
False
Is 21 a factor of 18795?
True
Is 8 a factor of 80?
True
Is 44 a multiple of 4?
True
Is 78 a factor of 624?
True
Does 10 divide 120?
True
Is 13348 a multiple of 142?
True
Is 828 a multiple of 14?
False
Does 23 divide 506?
True
Does 4 divide 2384?
True
Does 34 divide 1054?
True
Is 6 a factor of 12?
True
Is 9 a factor of 36?
True
Is 10472 a multiple of 154?
True
Does 38 divide 9519?
False
Is 8979 a multiple of 41?
True
Is 2168 a multiple of 10?
False
Does 25 divide 456?
False
Is 3381 a multiple of 23?
True
Is 11 a factor of 336?
False
Is 8504 a multiple of 4?
True
Is 14 a factor of 448?
True
Is 38 a factor of 2926?
True
Does 52 divide 16172?
True
Is 1188 a multiple of 13?
False
Is 898 a multiple of 128?
False
Does 122 divide 10858?
True
Does 48 divide 1392?
True
Is 31824 a multiple of 234?
True
Is 122 a factor of 6345?
False
Is 572 a multiple of 22?
True
Is 19 a factor of 3317?
False
Is 897 a multiple of 69?
True
Is 155 a multiple of 5?
True
Is 69 a multiple of 11?
False
Is 21802 a multiple of 18?
False
Is 7477 a multiple of 3?
False
Is 1646 a multiple of 13?
False
Does 8 divide 2104?
True
Is 36 a factor of 1395?
False
Is 58 a factor of 24592?
True
Does 29 divide 2755?
True
Is 133 a factor of 13965?
True
Is 54 a factor of 11016?
True
Is 3510 a multiple of 54?
True
Is 2919 a multiple of 139?
True
Does 69 divide 3519?
True
Does 24 divide 516?
False
Is 19751 a multiple of 75?
False
Does 2 divide 827?
False
Does 10 divide 3780?
True
Is 3 a factor of 648?
True
Is 13 a factor of 4140?
False
Is 356 even?
True
Is 385 a multiple of 7?
True
Is 146 a multiple of 30?
False
Is 21 a factor of 3245?
False
Does 41 divide 2267?
False
Does 50 divide 2810?
False
Is 34 a factor of 59?
False
Is 10 a factor of 334?
False
Is 2 a factor of 10?
True
Does 2 divide 80?
True
Does 12 divide 24720?
True
Is 578 a multiple of 34?
True
Is 2088 a multiple of 3?
True
Does 79 divide 13374?
False
Does 3 divide 2739?
True
Does 5 divide 4311?
False
Is 1435 a multiple of 41?
True
Does 55 divide 660?
True
Is 40 a factor of 1273?
False
Does 24 divide 32781?
False
Is 6372 a multiple of 108?
True
Is 8 a factor of 1432?
True
Is 99 a multiple of 5?
False
Is 36 a factor of 53280?
True
Does 23 divide 4571?
False
Does 69 divide 1104?
True
Does 3 divide 1374?
True
Does 8 divide 616?
True
Is 193 a factor of 9843?
True
Is 4725 a multiple of 5?
True
Is 136 a multiple of 15?
False
Is 796 a multiple of 30?
False
Does 14 divide 4256?
True
Is 11 a factor of 1762?
False
Is 3 a factor of 299?
False
Does 8 divide 9771?
False
Is 154 a multiple of 8?
False
Does 54 divide 15016?
False
Does 16 divide 256?
True
Does 6 divide 192?
True
Is 18 a factor of 10116?
True
Is 9932 a multiple of 4?
True
Is 896 a multiple of 8?
True
Is 3938 a multiple of 22?
True
Is 113 a factor of 41464?
False
Is 32 a factor of 9312?
True
Does 5 divide 16970?
True
Does 8 divide 1680?
True
Is 3 a factor of 5284?
False
Is 7480 a multiple of 136?
True
Does 58 divide 1662?
False
Does 18 divide 466?
False
Is 38 a factor of 4523?
False
Is 8 a factor of 2963?
False
Is 3 a factor of 6221?
False
Is 1596 a multiple of 28?
True
Is 91 a factor of 1456?
True
Does 19 divide 13874?
False
Is 19 a factor of 296?
False
Does 38 divide 25802?
True
Is 73 a factor of 2114?
False
Does 93 divide 9318?
False
Is 6840 a multiple of 72?
True
Is 20 a factor of 860?
True
Is 34 a factor of 1158?
False
Does 51 divide 4429?
False
Does 67 divide 29882?
True
Is 43 a factor of 2666?
True
Is 117280 a multiple of 175?
False
Does 24 divide 85392?
True
Does 57 divide 770?
False
Does 7 divide 1097?
False
Is 4359 a multiple of 2?
False
Is 11 a factor of 19965?
True
Is 1320 a multiple of 8?
True
Does 39 divide 2920?
False
Is 940 a multiple of 94?
True
Is 8948 a multiple of 35?
False
Is 6 a factor of 447?
False
Does 114 divide 2850?
True
Is 188 a factor of 90240?
True
Is 397 a multiple of 5?
False
Does 4 divide 32366?
False
Does 24 divide 5991?
False
Is 2 a factor of 8286?
True
Does 96 divide 3840?
True
Is 98080 a multiple of 16?
True
Is 75 a multiple of 5?
True
Is 5 a factor of 1704?
False
Is 7 a factor of 2422?
True
Is 49 a factor of 441?
True
Is 12 a factor of 1132?
False
Does 22 divide 2724?
False
Does 3 divide 1311?
True
Is 22120 a multiple of 70?
True
Is 195 a multiple of 3?
True
Is 8 a factor of 632?
True
Is 14 a factor of 728?
True
Is 11 a factor of 1584?
True
Is 21945 a multiple of 133?
True
Does 2 divide 15?
False
Does 56 divide 1521?
False
Is 1027 a multiple of 5?
False
Is 900 a multiple of 36?
True
Is 9307 a multiple of 19?
False
Does 5 divide 18040?
True
Is 144 a factor of 5040?
True
Is 1392 a multiple of 16?
True
Is 99794 a multiple of 408?
False
Does 23 divide 583?
False
Does 8 divide 4056?
True
Is 4359 a multiple of 21?
False
Does 44 divide 14828?
True
Is 27 a factor of 1296?
True
Is 34185 a multiple of 15?
True
Does 98 divide 14684?
False
Is 20277 a multiple of 9?
True
Does 66 divide 5478?
True
Does 25 divide 20083?
False
Does 60 divide 1860?
True
Does 51 divide 2244?
True
Does 60 divide 304?
False
Is 80 a factor of 10243?
False
Is 26966 a multiple of 37?
False
Is 1377 a multiple of 11?
False
Is 3935 a multiple of 14?
False
Is 77 a factor of 3619?
True
Does 32 divide 3072?
True
Does 439 divide 25900?
False
Does 14 divide 518?
True
Is 141 a multiple of 12?
False
Is 30 a factor of 390?
True
Does 15 divide 309?
False
Does 40 divide 499?
False
Does 30 divide 900?
True
Does 12 divide 162?
False
Is 1643 a multiple of 31?
True
Is 16 a factor of 552?
False
Does 56 divide 4346?
False
Is 50 a factor of 416?
False
Is 855 a multiple of 5?
True
Does 79 divide 11376?
True
Is 20 a factor of 2161?
False
Is 3509 a multiple of 11?
True
Does 13 divide 100990?
False
Does 16 divide 16067?
False
Is 6 a factor of 8664?
True
Does 31 divide 465?
True
Is 11 a factor of 5822?
False
Is 85848 a multiple of 42?
True
Is 6291 a multiple of 18?
False
Is 10 a factor of 25449?
False
Is 19 a factor of 25004?
True
Does 30 divide 16516?
False
Does 4 divide 112?
True
Is 17 a factor of 15914?
False
Is 52 a factor of 97916?
True
Does 28 divide 11915?
False
Is 3835 a multiple of 59?
True
Does 8 divide 34936?
True
Does 55 divide 220?
True
Is 26 a factor of 536?
False
Is 36 a factor of 6898?
False
Is 8 a factor of 17504?
True
Does 4 divide 191?
False
Is 85 a multiple of 5?
True
Is 714 a multiple of 102?
True
Is 1552 a multiple of 30?
False
Does 42 divide 1596?
True
Does 55 divide 3795?
True
Is 7077 a multiple of 138?
False
Does 5 divide 144?
False
Is 13 a factor of 794?
False
Is 27008 a multiple of 16?
True
Is 51 a factor of 714?
True
Is 11 a factor of 499?
False
Does 125 divide 17250?
True
Is 957 a multiple of 33?
True
Is 2256 a multiple of 6?
True
Is 475 a multiple of 5?
True
Is 35 a factor of 5923?
False
Is 13 a factor of 345?
False
Is 239 a multiple of 3?
False
Is 13 a factor of 1942?
False
Does 24 divide 9384?
True
Is 10 a factor of 780?
True
Is 14 even?
True
Is 10374 a multiple of 39?
True
Does 7 divide 2283?
False
Is 20 a factor of 12580?
True
Does 198 divide 68454?
False
Is 56 a factor of 429?
False
Does 28 divide 174293?
False
Does 53 divide 371?
True
Is 1476 a multiple of 33?
False
Is 215 a factor of 19565?
True
Is 136 a factor of 81155?
False
Is 105 a factor of 6090?
True
Does 13 divide 3432?
True
Does 15 divide 533?
False
Is 48662 a multiple of 58?
True
Does 69 divide 12558?
True
Is 11 a factor of 5536?
False
Is 2101 a multiple of 19?
False
Does 33 divide 932?
False
Is 17199 a multiple of 189?
True
Is 35 a factor of 3987?
False
Is 3668 a multiple of 7?
True
Is 3 a factor of 1306?
False
Is 2189 even?
False
Is 24220 a multiple of 94?
False
Does 16 divide 76352?
True
Does 16 divide 10000?
True
Does 28 divide 1405?
False
Is 51 a factor of 13270?
False
Is 28835 a multiple of 8?
False
Is 72228 a multiple of 12?
True
Is 5 a factor of 640?
True
Does 7 divide 6076?
True
Does 30 divide 308?
False
Does 47 divide 50243?
True
Is 1375 a multiple of 25?
True
Is 85 a factor of 16760?
False
Is 55 a factor of 495?
True
Is 6 a factor of 510?
True
Does 44 divide 124?
False
Is 17553 a multiple of 15?
False
Does 36 divide 180?
True
Is 1570 a multiple of 10?
True
Is 15 a factor